le of 197?
True
Is 157 a multiple of 2?
False
Does 14 divide 77670?
False
Does 33 divide 36174?
False
Does 6 divide 74994?
True
Is 1532435 a multiple of 15?
False
Does 7 divide 1506722?
True
Does 3 divide 781591?
False
Is 69439 a multiple of 324?
False
Does 42 divide 3955266?
True
Is 125102 a multiple of 137?
False
Is 2 a factor of 91472?
True
Does 10 divide 795514?
False
Is 447096 a multiple of 26?
True
Is 4 a factor of 677797?
False
Is 13 a factor of 2269527?
True
Is 16 a factor of 182506?
False
Is 23 a factor of 3923321?
False
Is 509 a factor of 142520?
True
Is 2305551 a multiple of 606?
False
Does 42 divide 206514?
True
Is 221469 a multiple of 115?
False
Is 75 a factor of 1070062?
False
Does 22 divide 342144?
True
Does 12 divide 4387005?
False
Does 1358 divide 11311407?
False
Is 613 a factor of 1379250?
True
Does 65 divide 36384740?
False
Is 11 a factor of 313722?
False
Is 21 a factor of 612735?
False
Is 878000 a multiple of 10?
True
Does 3 divide 141331?
False
Is 126 a factor of 278089?
False
Does 30 divide 67290?
True
Does 22 divide 58712?
False
Is 19 a factor of 553314?
False
Is 95519 a multiple of 11?
False
Does 451 divide 32210?
False
Is 123690 a multiple of 57?
True
Does 10 divide 20331420?
True
Is 227796 a multiple of 42?
False
Is 21 a factor of 120731?
False
Is 11069338 a multiple of 550?
False
Does 2 divide 8586?
True
Is 6144727 a multiple of 379?
True
Is 139 a factor of 1061394?
False
Is 1521470 a multiple of 10?
True
Is 680456 a multiple of 350?
False
Is 74253 a multiple of 53?
True
Is 115640 a multiple of 56?
True
Does 31 divide 705715?
True
Is 373654 a multiple of 11?
False
Is 80115 a multiple of 245?
True
Does 34 divide 361859?
False
Is 109 a factor of 7203919?
True
Is 8 a factor of 4493791?
False
Is 13418002 a multiple of 26?
True
Does 176 divide 230560?
True
Is 7 a factor of 9303?
True
Does 72 divide 136401?
False
Does 13 divide 3396510?
True
Does 165 divide 1282380?
True
Is 51433 a multiple of 23?
False
Is 2168 a multiple of 2?
True
Does 11 divide 368599?
True
Is 604060 a multiple of 166?
False
Does 60 divide 2161440?
True
Does 366 divide 780797?
False
Is 20 a factor of 47136?
False
Is 2090686 a multiple of 13?
True
Does 23 divide 173061?
False
Does 14 divide 145544?
True
Is 540 a factor of 3467340?
True
Is 294970 a multiple of 130?
True
Is 33777 a multiple of 81?
True
Does 11 divide 304491?
True
Is 1350832 a multiple of 8?
True
Is 333 a factor of 5865428?
False
Does 16 divide 291712?
True
Is 126 a factor of 364518?
True
Is 5 a factor of 740122?
False
Does 72 divide 5988796?
False
Is 536 a factor of 795330?
False
Does 10 divide 19614710?
True
Is 18534582 a multiple of 297?
True
Is 18 a factor of 1074330?
True
Is 62261 a multiple of 41?
False
Is 992 a factor of 284704?
True
Does 118 divide 25591911?
False
Does 31 divide 4091486?
False
Does 10 divide 163520?
True
Is 50089 a multiple of 13?
True
Is 245 a factor of 3585219?
False
Does 26 divide 390299?
False
Is 13 a factor of 2373781?
False
Does 547 divide 639990?
True
Is 257 a factor of 887421?
True
Is 27 a factor of 301692?
False
Does 12 divide 2338179?
False
Is 604547 a multiple of 206?
False
Is 35377 a multiple of 17?
True
Does 45 divide 22408740?
True
Is 92512 a multiple of 59?
True
Is 121 a factor of 280266?
False
Does 57 divide 248700?
False
Does 19 divide 716205?
True
Does 3 divide 12812?
False
Is 98407 a multiple of 71?
False
Is 988962 a multiple of 13?
True
Is 399 a factor of 14612178?
True
Is 1208478 a multiple of 38?
False
Is 446960 a multiple of 16?
True
Is 7 a factor of 112286?
False
Is 11 a factor of 2761524?
False
Is 7 a factor of 274302?
True
Is 64511 a multiple of 11?
False
Is 570232 a multiple of 27?
False
Is 25600 a multiple of 16?
True
Is 792018 a multiple of 81?
True
Is 2 a factor of 136469?
False
Does 14 divide 236577?
False
Is 19 a factor of 1338018?
True
Is 29 a factor of 5933632?
True
Does 5 divide 43011?
False
Is 32 a factor of 27264?
True
Is 1477069 a multiple of 777?
False
Is 219 a factor of 306600?
True
Is 52 a factor of 444463?
False
Does 14 divide 535117?
False
Is 23 a factor of 1463332?
False
Does 46 divide 1879427?
False
Is 31369 even?
False
Is 11 a factor of 98615?
True
Does 256 divide 2677248?
True
Is 21 a factor of 138684?
True
Is 3613818 a multiple of 321?
True
Is 383536 a multiple of 19?
False
Does 93 divide 50406?
True
Is 42 a factor of 329574?
True
Is 34 a factor of 26525?
False
Is 216 a factor of 80352?
True
Is 29 a factor of 69919?
True
Is 14 a factor of 90846?
True
Is 23467 a multiple of 31?
True
Does 150 divide 449787?
False
Does 20 divide 100830?
False
Does 46 divide 10677707?
False
Is 23 a factor of 5317646?
True
Does 44 divide 266121?
False
Does 58 divide 754116?
True
Is 11544902 a multiple of 178?
True
Is 96600 a multiple of 10?
True
Is 136 a factor of 688432?
True
Is 821598 a multiple of 19?
True
Does 124 divide 162946?
False
Is 1127482 a multiple of 320?
False
Does 326 divide 557786?
True
Is 299 a factor of 3459729?
True
Does 13 divide 29095391?
True
Is 31024 a multiple of 14?
True
Is 174820 a multiple of 67?
False
Is 301775 a multiple of 25?
True
Does 83 divide 259251?
False
Does 13 divide 1821807?
True
Is 166 a factor of 7383348?
True
Does 347 divide 3487350?
True
Is 403930 a multiple of 31?
True
Is 284 a factor of 353503?
False
Is 139272 a multiple of 2?
True
Is 124 a factor of 5934640?
True
Does 955 divide 4350980?
True
Does 4 divide 119740?
True
Does 31 divide 7157?
False
Is 462 a factor of 444254?
False
Is 23 a factor of 512808?
True
Does 19 divide 1856711?
False
Does 26 divide 455254?
False
Is 14 a factor of 1151388?
True
Does 61 divide 160725?
False
Does 15 divide 367290?
True
Is 954191 a multiple of 24?
False
Is 16 a factor of 2545308?
False
Is 29138 a multiple of 7?
False
Is 18 a factor of 69858?
True
Does 8 divide 844648?
True
Is 558 a factor of 3147120?
True
Is 119 a factor of 209678?
True
Is 186493 a multiple of 3?
False
Is 317 a factor of 59754?
False
Does 414 divide 141180?
False
Is 376090 a multiple of 22?
True
Is 38 a factor of 478230?
True
Is 27 a factor of 142209?
True
Does 154 divide 314905?
False
Is 532 a factor of 172994?
False
Is 39 a factor of 444054?
True
Is 10 a factor of 53389?
False
Is 2907504 a multiple of 1324?
True
Is 28 a factor of 117363?
False
Does 13 divide 414245?
True
Does 271 divide 354468?
True
Is 24 a factor of 409104?
True
Is 3246743 a multiple of 418?
False
Is 6 a factor of 1043844?
True
Is 47 a factor of 212393?
True
Is 31 a factor of 4603786?
False
Is 8969 even?
False
Does 69 divide 22426794?
True
Is 65827 a multiple of 14?
False
Is 12 a factor of 2026113?
False
Does 658 divide 2241806?
True
Does 356 divide 249801?
False
Is 48 a factor of 793008?
True
Does 155 divide 1011995?
True
Is 105458 a multiple of 24?
False
Does 59 divide 901402?
True
Does 31 divide 193626?
True
Is 20 a factor of 198378?
False
Is 25 a factor of 43263?
False
Is 175 a factor of 863450?
True
Is 302 a factor of 2419501?
False
Is 139455 a multiple of 9?
True
Does 32 divide 5507734?
False
Does 11 divide 584717?
False
Does 68 divide 1146622?
False
Does 9 divide 349452?
True
Does 39 divide 2765646?
True
Is 123846 a multiple of 2?
True
Does 548 divide 1595803?
False
Does 392 divide 19648216?
True
Is 7 a factor of 157694?
False
Is 1407420 a multiple of 14?
True
Is 1142 a multiple of 7?
False
Is 1341759 a multiple of 12?
False
Is 440096 a multiple of 68?
True
Is 9 a factor of 2126357?
False
Does 44 divide 456728?
False
Is 1861379 a multiple of 131?
True
Is 179 a factor of 6732125?
False
Is 576 a factor of 3773376?
True
Does 48 divide 4755888?
True
Is 17 a factor of 2431510?
True
Is 1953178 a multiple of 18?
False
Is 33894 a multiple of 18?
True
Is 4 a factor of 2034?
False
Is 2348218 a multiple of 10?
False
Does 32 divide 6181152?
True
Does 415 divide 8340827?
False
Does 32 divide 124928?
True
Is 188122 a multiple of 11?
True
Is 543167 a multiple of 55?
False
Does 694 divide 1267938?
True
Does 2 divide 39012?
True
Is 17 a factor of 320015?
False
Is 151 a factor of 545563?
True
Is 235986 a multiple of 78?
False
Is 534 a factor of 15807468?
True
Does 172 divide 809022?
False
Is 455630 a multiple of 46?
True
Is 295 a factor of 34398?
False
Is 392959 a multiple of 4?
False
Is 1823893 a multiple of 23?
False
Is 169288 a 